 of 1109.
1109
What are the prime factors of 15864?
2, 3, 661
List the prime factors of 1788.
2, 3, 149
What are the prime factors of 2415?
3, 5, 7, 23
List the prime factors of 749.
7, 107
List the prime factors of 842.
2, 421
List the prime factors of 31917.
3, 10639
What are the prime factors of 6384?
2, 3, 7, 19
What are the prime factors of 21345?
3, 5, 1423
List the prime factors of 1469.
13, 113
List the prime factors of 22242.
2, 3, 11, 337
What are the prime factors of 8089?
8089
What are the prime factors of 6806?
2, 41, 83
List the prime factors of 10353.
3, 7, 17, 29
List the prime factors of 4836.
2, 3, 13, 31
List the prime factors of 655.
5, 131
List the prime factors of 451.
11, 41
What are the prime factors of 2269?
2269
What are the prime factors of 3621?
3, 17, 71
What are the prime factors of 22057?
7, 23, 137
List the prime factors of 44758.
2, 7, 23, 139
What are the prime factors of 3338?
2, 1669
List the prime factors of 146506.
2, 17, 31, 139
List the prime factors of 2458.
2, 1229
What are the prime factors of 9443?
7, 19, 71
What are the prime factors of 190?
2, 5, 19
What are the prime factors of 82?
2, 41
What are the prime factors of 79?
79
What are the prime factors of 47758?
2, 23879
List the prime factors of 5938.
2, 2969
List the prime factors of 96480.
2, 3, 5, 67
List the prime factors of 1656.
2, 3, 23
List the prime factors of 937.
937
What are the prime factors of 270?
2, 3, 5
What are the prime factors of 4244?
2, 1061
List the prime factors of 3050.
2, 5, 61
List the prime factors of 4515.
3, 5, 7, 43
List the prime factors of 1041.
3, 347
List the prime factors of 4055.
5, 811
What are the prime factors of 693?
3, 7, 11
What are the prime factors of 304?
2, 19
What are the prime factors of 16760?
2, 5, 419
List the prime factors of 1467.
3, 163
What are the prime factors of 19550?
2, 5, 17, 23
What are the prime factors of 667?
23, 29
What are the prime factors of 18211?
18211
What are the prime factors of 27293?
7, 557
What are the prime factors of 3436?
2, 859
List the prime factors of 151.
151
List the prime factors of 4036.
2, 1009
What are the prime factors of 3818?
2, 23, 83
What are the prime factors of 3713?
47, 79
List the prime factors of 15797.
15797
List the prime factors of 494.
2, 13, 19
List the prime factors of 7520.
2, 5, 47
What are the prime factors of 2002?
2, 7, 11, 13
List the prime factors of 9227.
9227
List the prime factors of 35832.
2, 3, 1493
What are the prime factors of 109088?
2, 7, 487
What are the prime factors of 992?
2, 31
What are the prime factors of 18570?
2, 3, 5, 619
List the prime factors of 22782.
2, 3, 3797
List the prime factors of 490.
2, 5, 7
What are the prime factors of 1499?
1499
List the prime factors of 7884.
2, 3, 73
What are the prime factors of 5827?
5827
List the prime factors of 5288.
2, 661
What are the prime factors of 1761?
3, 587
List the prime factors of 17718.
2, 3, 2953
List the prime factors of 423.
3, 47
What are the prime factors of 1728?
2, 3
List the prime factors of 1486.
2, 743
List the prime factors of 844.
2, 211
List the prime factors of 10859.
10859
What are the prime factors of 12129?
3, 13, 311
List the prime factors of 2001.
3, 23, 29
List the prime factors of 143409.
3, 7, 6829
List the prime factors of 262.
2, 131
What are the prime factors of 8724?
2, 3, 727
What are the prime factors of 297?
3, 11
List the prime factors of 1480.
2, 5, 37
What are the prime factors of 17890?
2, 5, 1789
List the prime factors of 57840.
2, 3, 5, 241
List the prime factors of 4523.
4523
What are the prime factors of 4244?
2, 1061
List the prime factors of 12933.
3, 479
What are the prime factors of 5398?
2, 2699
What are the prime factors of 1721?
1721
List the prime factors of 1088.
2, 17
List the prime factors of 3815.
5, 7, 109
What are the prime factors of 7720?
2, 5, 193
What are the prime factors of 9230?
2, 5, 13, 71
What are the prime factors of 22174?
2, 11087
List the prime factors of 15731.
15731
What are the prime factors of 271?
271
List the prime factors of 10015.
5, 2003
List the prime factors of 113701.
7, 37, 439
List the prime factors of 29640.
2, 3, 5, 13, 19
List the prime factors of 1407.
3, 7, 67
What are the prime factors of 16612?
2, 4153
What are the prime factors of 1481?
1481
List the prime factors of 2464.
2, 7, 11
What are the prime factors of 1066?
2, 13, 41
What are the prime factors of 2142?
2, 3, 7, 17
What are the prime factors of 168?
2, 3, 7
List the prime factors of 597.
3, 199
List the prime factors of 92.
2, 23
List the prime factors of 427.
7, 61
List the prime factors of 3843.
3, 7, 61
List the prime factors of 1831.
1831
What are the prime factors of 756?
2, 3, 7
List the prime factors of 1281.
3, 7, 61
List the prime factors of 1153.
1153
What are the prime factors of 2273?
2273
List the prime factors of 55.
5, 11
What are the prime factors of 97990?
2, 5, 41, 239
What are the prime factors of 24078?
2, 3, 4013
What are the prime factors of 80217?
3, 2971
What are the prime factors of 15984?
2, 3, 37
List the prime factors of 3029.
13, 233
What are the prime factors of 1595?
5, 11, 29
What are the prime factors of 12062?
2, 37, 163
What are the prime factors of 4580?
2, 5, 229
What are the prime factors of 125014?
2, 62507
List the prime factors of 1056.
2, 3, 11
List the prime factors of 37352.
2, 7, 23, 29
What are the prime factors of 2407?
29, 83
What are the prime factors of 52731?
3, 7, 31
List the prime factors of 57645.
3, 5, 7, 61
What are the prime factors of 198?
2, 3, 11
List the prime factors of 48118.
2, 7, 491
List the prime factors of 2244.
2, 3, 11, 17
List the prime factors of 7713.
3, 857
List the prime factors of 7191.
3, 17, 47
What are the prime factors of 2665?
5, 13, 41
What are the prime factors of 831?
3, 277
List the prime factors of 13762.
2, 7, 983
What are the prime factors of 24664?
2, 3083
List the prime factors of 314.
2, 157
List the prime factors of 17593.
73, 241
List the prime factors of 6771.
3, 37, 61
List the prime factors of 107924.
2, 26981
List the prime factors of 17627.
17627
What are the prime factors of 12647?
12647
List the prime factors of 7817.
7817
What are the prime factors of 1956?
2, 3, 163
List the prime factors of 37001.
163, 227
List the prime factors of 1849.
43
List the prime factors of 845.
5, 13
What are the prime factors of 2131?
2131
What are the prime factors of 2108?
2, 17, 31
List the prime factors of 6658.
2, 3329
What are the prime factors of 15086?
2, 19, 397
List the prime factors of 123085.
5, 103, 239
What are the prime factors of 13759?
13759
List the prime factors of 1254.
2, 3, 11, 19
List the prime factors of 349.
349
What are the prime factors of 4839?
3, 1613
What are the prime factors of 113658?
2, 3, 19, 997
List the prime factors of 302.
2, 151
List the prime factors of 555.
3, 5, 37
What are the prime factors of 83204?
2, 11, 31, 61
List the prime factors of 11605.
5, 11, 211
List the prime factors of 68453.
7, 11, 127
List the prime factors of 37288.
2, 59, 79
List the prime factors of 1550.
2, 5, 31
What are the prime factors of 2962?
2, 1481
List the prime factors of 7967.
31, 257
List the prime factors of 4497.
3, 1499
What are the prime factors of 67235?
5, 7, 17, 113
What are the prime factors of 5201?
7, 743
List the prime factors of 2756.
2, 13, 53
What are the prime factors of 41777?
41777
List the prime factors of 1375.
5, 11
What are the prime factors of 5967?
3, 13, 17
What are the prime factors of 4762?
2, 2381
What are the prime factors of 3238?
2, 1619
List the prime factors of 84093.
3, 28031
What are the prime factors of 1158?
2, 3, 193
What are the prime factors of 20388?
2, 3, 1699
What are the prime factors of 67916?
2, 16979
What are the prime factors of 14812?
2, 7, 23
What are the prime factors of 1345?
5, 269
List the prime factors of 51331.
7, 7333
List the prime factors of 3646.
2, 1823
List the prime factors of 38312.
2, 4789
What are the prime factors of 1054?
2, 17, 31
List the prime factors of 29980.
2, 5, 1499
List the prime factors of 27435.
3, 5, 31, 59
List the prime factors of 1227.
3, 409
What are the prime factors of 5229?
3, 7, 83
List the prime factors of 34428.
2, 3, 19, 151
Wh